{"id":62,"date":"2023-10-14T19:07:40","date_gmt":"2023-10-14T17:07:40","guid":{"rendered":"https:\/\/duplex-lesarcs1800.fr\/?page_id=62"},"modified":"2023-10-25T15:15:36","modified_gmt":"2023-10-25T13:15:36","slug":"remise-des-cles","status":"publish","type":"page","link":"https:\/\/duplex-lesarcs1800.fr\/?page_id=62","title":{"rendered":"Remise des cl\u00e9s"},"content":{"rendered":"\n<p>Une boite \u00e0 cl\u00e9s avec code est disponible devant la porte de l\u2019appartement. <br>Le code de la boite vous sera transmis lors de la r\u00e9servation. <br>Un jeu de 2 cl\u00e9s sera disponible.<\/p>\n\n\n\n<p class=\"has-vivid-red-color has-text-color\"><strong>Lors de votre d\u00e9part, merci de bien vouloir remettre les cl\u00e9s dans la boite.<\/strong><\/p>\n","protected":false},"excerpt":{"rendered":"<p>Une boite \u00e0 cl\u00e9s avec code est disponible devant la porte de l\u2019appartement. Le code de la boite vous sera transmis lors de la r\u00e9servation. Un jeu de 2 cl\u00e9s sera disponible. Lors de votre d\u00e9part, merci de bien vouloir remettre les cl\u00e9s dans la boite.<\/p>\n","protected":false},"author":1,"featured_media":0,"parent":58,"menu_order":5,"comment_status":"closed","ping_status":"closed","template":"","meta":{"om_disable_all_campaigns":false,"_monsterinsights_skip_tracking":false,"_monsterinsights_sitenote_active":false,"_monsterinsights_sitenote_note":"","_monsterinsights_sitenote_category":0,"footnotes":""},"aioseo_notices":[],"_links":{"self":[{"href":"https:\/\/duplex-lesarcs1800.fr\/index.php?rest_route=\/wp\/v2\/pages\/62"}],"collection":[{"href":"https:\/\/duplex-lesarcs1800.fr\/index.php?rest_route=\/wp\/v2\/pages"}],"about":[{"href":"https:\/\/duplex-lesarcs1800.fr\/index.php?rest_route=\/wp\/v2\/types\/page"}],"author":[{"embeddable":true,"href":"https:\/\/duplex-lesarcs1800.fr\/index.php?rest_route=\/wp\/v2\/users\/1"}],"replies":[{"embeddable":true,"href":"https:\/\/duplex-lesarcs1800.fr\/index.php?rest_route=%2Fwp%2Fv2%2Fcomments&post=62"}],"version-history":[{"count":5,"href":"https:\/\/duplex-lesarcs1800.fr\/index.php?rest_route=\/wp\/v2\/pages\/62\/revisions"}],"predecessor-version":[{"id":527,"href":"https:\/\/duplex-lesarcs1800.fr\/index.php?rest_route=\/wp\/v2\/pages\/62\/revisions\/527"}],"up":[{"embeddable":true,"href":"https:\/\/duplex-lesarcs1800.fr\/index.php?rest_route=\/wp\/v2\/pages\/58"}],"wp:attachment":[{"href":"https:\/\/duplex-lesarcs1800.fr\/index.php?rest_route=%2Fwp%2Fv2%2Fmedia&parent=62"}],"curies":[{"name":"wp","href":"https:\/\/api.w.org\/{rel}","templated":true}]}}