{"id":54,"date":"2023-10-14T19:01:42","date_gmt":"2023-10-14T17:01:42","guid":{"rendered":"https:\/\/duplex-lesarcs1800.fr\/?page_id=54"},"modified":"2023-10-27T08:08:08","modified_gmt":"2023-10-27T06:08:08","slug":"evaluation-de-lappartement-par-la-station","status":"publish","type":"page","link":"https:\/\/duplex-lesarcs1800.fr\/?page_id=54","title":{"rendered":"\u00c9valuation de l&#8217;appartement par la station"},"content":{"rendered":"\n<p id=\"block-3111caab-47c5-437f-98b8-5ff169e9ff74\">L&#8217;appartement a \u00e9t\u00e9 not\u00e9 5 cristaux par des personnes agr\u00e9es de la station des arcs 1800<\/p>\n\n\n\n<p id=\"block-909d38b7-5c80-4e16-9e29-c533954209fc\"><a href=\"https:\/\/www.lesarcs.com\/fileadmin\/user_upload\/pdf\/proprietaire\/Description_Cristaux_Paradiski.pdf\">Description des cristaux Paradiski &#8211; site des arcs<\/a><\/p>\n\n\n\n<figure class=\"wp-block-image size-large is-resized\"><img decoding=\"async\" src=\"http:\/\/duplex-lesarcs1800-fr.preview-domain.com\/wp-content\/uploads\/2023\/10\/image-6.png\" alt=\"\" style=\"aspect-ratio:2.8125;width:532px;height:auto\"\/><\/figure>\n","protected":false},"excerpt":{"rendered":"<p>L&#8217;appartement a \u00e9t\u00e9 not\u00e9 5 cristaux par des personnes agr\u00e9es de la station des arcs 1800 Description des cristaux Paradiski &#8211; site des arcs<\/p>\n","protected":false},"author":1,"featured_media":0,"parent":277,"menu_order":3,"comment_status":"closed","ping_status":"closed","template":"","meta":{"om_disable_all_campaigns":false,"_monsterinsights_skip_tracking":false,"_monsterinsights_sitenote_active":false,"_monsterinsights_sitenote_note":"","_monsterinsights_sitenote_category":0,"footnotes":""},"aioseo_notices":[],"_links":{"self":[{"href":"https:\/\/duplex-lesarcs1800.fr\/index.php?rest_route=\/wp\/v2\/pages\/54"}],"collection":[{"href":"https:\/\/duplex-lesarcs1800.fr\/index.php?rest_route=\/wp\/v2\/pages"}],"about":[{"href":"https:\/\/duplex-lesarcs1800.fr\/index.php?rest_route=\/wp\/v2\/types\/page"}],"author":[{"embeddable":true,"href":"https:\/\/duplex-lesarcs1800.fr\/index.php?rest_route=\/wp\/v2\/users\/1"}],"replies":[{"embeddable":true,"href":"https:\/\/duplex-lesarcs1800.fr\/index.php?rest_route=%2Fwp%2Fv2%2Fcomments&post=54"}],"version-history":[{"count":5,"href":"https:\/\/duplex-lesarcs1800.fr\/index.php?rest_route=\/wp\/v2\/pages\/54\/revisions"}],"predecessor-version":[{"id":640,"href":"https:\/\/duplex-lesarcs1800.fr\/index.php?rest_route=\/wp\/v2\/pages\/54\/revisions\/640"}],"up":[{"embeddable":true,"href":"https:\/\/duplex-lesarcs1800.fr\/index.php?rest_route=\/wp\/v2\/pages\/277"}],"wp:attachment":[{"href":"https:\/\/duplex-lesarcs1800.fr\/index.php?rest_route=%2Fwp%2Fv2%2Fmedia&parent=54"}],"curies":[{"name":"wp","href":"https:\/\/api.w.org\/{rel}","templated":true}]}}