{"id":47,"date":"2023-10-14T18:48:57","date_gmt":"2023-10-14T16:48:57","guid":{"rendered":"https:\/\/duplex-lesarcs1800.fr\/?page_id=47"},"modified":"2023-10-27T08:25:05","modified_gmt":"2023-10-27T06:25:05","slug":"le-1er-etage","status":"publish","type":"page","link":"https:\/\/duplex-lesarcs1800.fr\/?page_id=47","title":{"rendered":"Le 1er \u00e9tage"},"content":{"rendered":"\n<h1 class=\"wp-block-heading has-small-font-size\"><u>A l&#8217;\u00e9tage &#8211; 16m2 (1m78 sous plafond) <\/u>:<\/h1>\n\n\n\n<div class=\"wp-block-columns is-layout-flex wp-container-3 wp-block-columns-is-layout-flex\">\n<div class=\"wp-block-column is-layout-flow wp-block-column-is-layout-flow\">\n<figure class=\"wp-block-image size-full\"><img decoding=\"async\" loading=\"lazy\" width=\"640\" height=\"480\" src=\"http:\/\/duplex-lesarcs1800-fr.preview-domain.com\/wp-content\/uploads\/2023\/10\/IMG_5876-1-rotated.jpg\" alt=\"\" class=\"wp-image-613\" srcset=\"https:\/\/duplex-lesarcs1800.fr\/wp-content\/uploads\/2023\/10\/IMG_5876-1-rotated.jpg 640w, https:\/\/duplex-lesarcs1800.fr\/wp-content\/uploads\/2023\/10\/IMG_5876-1-300x225.jpg 300w\" sizes=\"(max-width: 640px) 100vw, 640px\" \/><\/figure>\n<\/div>\n\n\n\n<div class=\"wp-block-column is-layout-flow wp-block-column-is-layout-flow\">\n<figure class=\"wp-block-image size-full\"><img decoding=\"async\" loading=\"lazy\" width=\"640\" height=\"481\" src=\"https:\/\/duplex-lesarcs1800-fr.preview-domain.com\/wp-content\/uploads\/2023\/10\/IMG_5909-1.jpg\" alt=\"\" class=\"wp-image-615\" srcset=\"https:\/\/duplex-lesarcs1800.fr\/wp-content\/uploads\/2023\/10\/IMG_5909-1.jpg 640w, https:\/\/duplex-lesarcs1800.fr\/wp-content\/uploads\/2023\/10\/IMG_5909-1-300x225.jpg 300w\" sizes=\"(max-width: 640px) 100vw, 640px\" \/><\/figure>\n<\/div>\n<\/div>\n\n\n\n<p class=\"has-small-font-size\">L&#8217;espace \u00e0 l&#8217;\u00e9tage est s\u00e9par\u00e9 en deux chambres. D&#8217;un cot\u00e9 la chambre &#8220;parentale&#8221;, avec vue directe sur le massif du mont Blanc. Nous y avons plac\u00e9 un lit en 160*200, avec matelas latex neuf et de haute qualit\u00e9. Vous y r\u00e9cup\u00e9rerez id\u00e9alement de vos journ\u00e9e de ski.<br><br>La chambre est \u00e9quip\u00e9e d&#8217;un placard pour y ranger vos affaires ainsi que d&#8217;une t\u00e9l\u00e9 \u00e0 \u00e9cran plat. Le lit est un lit coffre, qui permet d&#8217;entreposer sous le lit vos bagages pour ne plus y penser pendant la semaine.<br><br>Depuis votre lit au r\u00e9veil, une jolie vue sur la montagne :<\/p>\n\n\n\n<div class=\"wp-block-columns is-layout-flex wp-container-8 wp-block-columns-is-layout-flex\">\n<div class=\"wp-block-column is-layout-flow wp-block-column-is-layout-flow\" style=\"flex-basis:100%\">\n<div class=\"wp-block-columns is-layout-flex wp-container-6 wp-block-columns-is-layout-flex\">\n<div class=\"wp-block-column is-layout-flow wp-block-column-is-layout-flow\">\n<figure class=\"wp-block-image size-large\"><img decoding=\"async\" src=\"http:\/\/duplex-lesarcs1800.fr\/wp-content\/uploads\/2023\/10\/IMG_6871-scaled.jpg\" alt=\"\"\/><\/figure>\n<\/div>\n\n\n\n<div class=\"wp-block-column is-layout-flow wp-block-column-is-layout-flow\">\n<figure class=\"wp-block-image size-large\"><img decoding=\"async\" src=\"http:\/\/duplex-lesarcs1800.fr\/wp-content\/uploads\/2023\/10\/IMG_6869-scaled.jpg\" alt=\"\"\/><\/figure>\n<\/div>\n<\/div>\n<\/div>\n<\/div>\n\n\n\n<p class=\"has-small-font-size\">Les deux chambres sont s\u00e9par\u00e9es par une cloison et une porte \u00e0 galandage (c&#8217;est le terme technique pour une porte coulissante \u00e0 l&#8217;int\u00e9rieur de la parois).<br>Nous avons plac\u00e9 une fen\u00eatre translucide sur cette parois pour apporter de la lumi\u00e8re \u00e0 la seconde chambre.Cette derni\u00e8re est compos\u00e9e d&#8217;un lit superpos\u00e9 (190*80) \u00e9quip\u00e9 de matelas neuf et de qualit\u00e9. La pi\u00e8ce comporte un placard pour y ranger les affaires des occupants. La pi\u00e8ce contient aussi un lit gigogne et en face du lit une t\u00e9l\u00e9 \u00e0 \u00e9cran plat.<\/p>\n\n\n\n<div class=\"wp-block-columns is-layout-flex wp-container-11 wp-block-columns-is-layout-flex\">\n<div class=\"wp-block-column is-layout-flow wp-block-column-is-layout-flow\">\n<figure class=\"wp-block-image size-large\"><img decoding=\"async\" src=\"http:\/\/duplex-lesarcs1800-fr.preview-domain.com\/wp-content\/uploads\/2023\/10\/IMG_4578-1024x768.jpg\" alt=\"\" class=\"wp-image-1298\"\/><\/figure>\n\n\n\n<h1 class=\"wp-block-heading has-text-align-center has-small-font-size\">La seconde chambre<\/h1>\n<\/div>\n\n\n\n<div class=\"wp-block-column is-layout-flow wp-block-column-is-layout-flow\">\n<figure class=\"wp-block-image size-large\"><img decoding=\"async\" src=\"http:\/\/duplex-lesarcs1800.fr\/wp-content\/uploads\/2023\/10\/IMG_5924-scaled.jpg\" alt=\"\"\/><\/figure>\n\n\n\n<h1 class=\"wp-block-heading has-text-align-center has-small-font-size\">La seconde chambre<\/h1>\n<\/div>\n<\/div>\n","protected":false},"excerpt":{"rendered":"<p>A l&#8217;\u00e9tage &#8211; 16m2 (1m78 sous plafond) : L&#8217;espace \u00e0 l&#8217;\u00e9tage est s\u00e9par\u00e9 en deux chambres. D&#8217;un cot\u00e9 la chambre &#8220;parentale&#8221;, avec vue directe sur le massif du mont Blanc. Nous y avons plac\u00e9 un lit en 160*200, avec matelas latex neuf et de haute qualit\u00e9. Vous y r\u00e9cup\u00e9rerez id\u00e9alement de vos journ\u00e9e de ski. [&hellip;]<\/p>\n","protected":false},"author":1,"featured_media":0,"parent":277,"menu_order":2,"comment_status":"closed","ping_status":"closed","template":"","meta":{"om_disable_all_campaigns":false,"_monsterinsights_skip_tracking":false,"_monsterinsights_sitenote_active":false,"_monsterinsights_sitenote_note":"","_monsterinsights_sitenote_category":0,"footnotes":""},"aioseo_notices":[],"_links":{"self":[{"href":"https:\/\/duplex-lesarcs1800.fr\/index.php?rest_route=\/wp\/v2\/pages\/47"}],"collection":[{"href":"https:\/\/duplex-lesarcs1800.fr\/index.php?rest_route=\/wp\/v2\/pages"}],"about":[{"href":"https:\/\/duplex-lesarcs1800.fr\/index.php?rest_route=\/wp\/v2\/types\/page"}],"author":[{"embeddable":true,"href":"https:\/\/duplex-lesarcs1800.fr\/index.php?rest_route=\/wp\/v2\/users\/1"}],"replies":[{"embeddable":true,"href":"https:\/\/duplex-lesarcs1800.fr\/index.php?rest_route=%2Fwp%2Fv2%2Fcomments&post=47"}],"version-history":[{"count":7,"href":"https:\/\/duplex-lesarcs1800.fr\/index.php?rest_route=\/wp\/v2\/pages\/47\/revisions"}],"predecessor-version":[{"id":645,"href":"https:\/\/duplex-lesarcs1800.fr\/index.php?rest_route=\/wp\/v2\/pages\/47\/revisions\/645"}],"up":[{"embeddable":true,"href":"https:\/\/duplex-lesarcs1800.fr\/index.php?rest_route=\/wp\/v2\/pages\/277"}],"wp:attachment":[{"href":"https:\/\/duplex-lesarcs1800.fr\/index.php?rest_route=%2Fwp%2Fv2%2Fmedia&parent=47"}],"curies":[{"name":"wp","href":"https:\/\/api.w.org\/{rel}","templated":true}]}}